{"id":9829,"date":"2022-09-28T10:41:02","date_gmt":"2022-09-28T08:41:02","guid":{"rendered":"https:\/\/sdubouloz.ch\/ueber\/"},"modified":"2025-08-21T22:24:36","modified_gmt":"2025-08-21T20:24:36","slug":"ueber","status":"publish","type":"page","link":"https:\/\/sdubouloz.ch\/de\/ueber\/","title":{"rendered":"\u00dcber"},"content":{"rendered":"\t\t<div data-elementor-type=\"wp-page\" data-elementor-id=\"9829\" class=\"elementor elementor-9829 elementor-972\" data-elementor-post-type=\"page\">\n\t\t\t\t<div class=\"elementor-element elementor-element-70fff9a e-flex e-con-boxed e-con e-parent\" data-id=\"70fff9a\" data-element_type=\"container\" data-e-type=\"container\" data-settings=\"{&quot;background_background&quot;:&quot;classic&quot;}\">\n\t\t\t\t\t<div class=\"e-con-inner\">\n\t\t\t\t<div class=\"elementor-element elementor-element-94a1e1b elementor-widget elementor-widget-heading\" data-id=\"94a1e1b\" data-element_type=\"widget\" data-e-type=\"widget\" data-widget_type=\"heading.default\">\n\t\t\t\t<div class=\"elementor-widget-container\">\n\t\t\t\t\t<h2 class=\"elementor-heading-title elementor-size-default\">\u00dcber<\/h2>\t\t\t\t<\/div>\n\t\t\t\t<\/div>\n\t\t<div class=\"elementor-element elementor-element-529cdf9 e-flex e-con-boxed e-con e-child\" data-id=\"529cdf9\" data-element_type=\"container\" data-e-type=\"container\">\n\t\t\t\t\t<div class=\"e-con-inner\">\n\t\t\t\t<div class=\"elementor-element elementor-element-743dbfa elementor-widget__width-initial elementor-widget elementor-widget-text-editor\" data-id=\"743dbfa\" data-element_type=\"widget\" data-e-type=\"widget\" data-widget_type=\"text-editor.default\">\n\t\t\t\t<div class=\"elementor-widget-container\">\n\t\t\t\t\t\t\t\t\t<p><span style=\"font-weight: 400;\">Simon wuchs in der Lederwarenwerkstatt seiner Mutter Chris Murner auf und wurde mit den Techniken des Lederhandwerks vertraut gemacht.<\/span><\/p><p><span style=\"font-weight: 400;\">Seit 2015 ist er der Mechaniker von gro\u00dfen Weltmeisterschaftsfahrern wie John McPhee, Alexis Masbou, Albert Arenas, Patrik Pulkkinen, Kaito Toba, Mike Di Meglio oder auch Marco Bezzecchi, einem italienischen Wunderkind, das vom gro\u00dfen Valentino Rossi entdeckt und gef\u00f6rdert wurde. Simon wird 2018 an der Seite von Marco Bezzecchi Dritter in der Weltmeisterschaft und gewinnt 2022 im Honda HRC-Team die EWC-Langstreckenweltmeisterschaft.<\/span><\/p><p><span style=\"font-weight: 400;\">Da er von Natur aus neugierig und erfinderisch ist, beginnt er parallel dazu mit dem Sattlerhandwerk f\u00fcr Motorr\u00e4der, um seinen Beruf durch diese neue Spezialisierung zu erg\u00e4nzen und den zahlreichen Anfragen gerecht zu werden.  <\/span><span style=\"font-weight: 400;\">Seit seinem Einstieg in den Grand-Prix-Sport verbindet er seine beiden Leidenschaften und entwickelt heute die S\u00e4ttel der weltbesten Fahrer in den Kategorien Moto 3, Moto 2, MotoGP, Mondial EWC Endurance, FMX etc.  <\/span><span style=\"font-weight: 400;\">Er entwickelt den &#8222;Flaggen&#8220;-Sattel mit dem Land eines jeden Fahrers, f\u00fcr den er arbeitet.<\/span><\/p><p><span style=\"font-weight: 400;\">Unser ehemaliger Nationalfahrer Tom L\u00fcthi sowie die lebende Legende des Motorradsports Valentino Rossi haben sich an ihn gewandt.  <\/span><span style=\"font-weight: 400;\">Sein Sattel wurde au\u00dferdem 2019 mit unserem Schweizer Fahrer Robin Mulhauser zum Superstock-Weltmeister in der Endurance-Weltmeisterschaft gek\u00fcrt.  <\/span><span style=\"font-weight: 400;\">Er stellt alle Arten von S\u00e4tteln her, Caferacer, Tourenmotorr\u00e4der, Motocross, Sammlermotorr\u00e4der oder auch Freestyle-Motorr\u00e4der wie das unseres Schweizer Rennfahrers Mat Rebeaud.<\/span><\/p><p><span style=\"font-weight: 400;\">Heute bearbeitet er die S\u00e4ttel der bekanntesten Namen der Motorradbranche, immer in der Kunst der Ma\u00dfanfertigung. Er wurde k\u00fcrzlich zum drittbesten K\u00fcnstler der Schweiz in der Kategorie &#8222;Nachwuchs im Kunsthandwerk&#8220; gek\u00fcrt.  <\/span><span style=\"font-weight: 400;\">Au\u00dferdem konnte er parallel zu seinen Rennen seine Erfahrung an junge Mechanikerlehrlinge des CFPT in Genf weitergeben.<\/span><\/p><p><span style=\"font-weight: 400;\">Heute ist er Mechaniker bei FCC, dem offiziellen Honda HRC-Team in der EWC Langstrecken-Weltmeisterschaft, und fertigt in seinem Atelier in Plan-les-Ouates seine Sattlerkreationen an.<\/span><\/p>\t\t\t\t\t\t\t\t<\/div>\n\t\t\t\t<\/div>\n\t\t\t\t\t<\/div>\n\t\t\t\t<\/div>\n\t\t<div class=\"elementor-element elementor-element-914f7d3 e-flex e-con-boxed e-con e-child\" data-id=\"914f7d3\" data-element_type=\"container\" data-e-type=\"container\">\n\t\t\t\t\t<div class=\"e-con-inner\">\n\t\t\t\t<div class=\"elementor-element elementor-element-d1f0f80 gallery-spacing-custom elementor-widget elementor-widget-image-gallery\" data-id=\"d1f0f80\" data-element_type=\"widget\" data-e-type=\"widget\" data-widget_type=\"image-gallery.default\">\n\t\t\t\t<div class=\"elementor-widget-container\">\n\t\t\t\t\t\t\t<div class=\"elementor-image-gallery\">\n\t\t\t<div id='gallery-1' class='gallery galleryid-9829 gallery-columns-3 gallery-size-medium_large'><figure class='gallery-item'>\n\t\t\t<div class='gallery-icon landscape'>\n\t\t\t\t<a data-elementor-open-lightbox=\"yes\" data-elementor-lightbox-slideshow=\"d1f0f80\" data-elementor-lightbox-title=\"M\u00e9canicien chez Red Bull - moto 3 - 2020\" data-e-action-hash=\"#elementor-action%3Aaction%3Dlightbox%26settings%3DeyJpZCI6OTQ0OCwidXJsIjoiaHR0cHM6XC9cL3NkdWJvdWxvei5jaFwvd3AtY29udGVudFwvdXBsb2Fkc1wvMjAyM1wvMDJcL1NjcmVlbnNob3RfMjAyMDA3MTlfMDkzOTA1LmpwZyIsInNsaWRlc2hvdyI6ImQxZjBmODAifQ%3D%3D\" href='https:\/\/sdubouloz.ch\/wp-content\/uploads\/2023\/02\/Screenshot_20200719_093905.jpg'><img fetchpriority=\"high\" decoding=\"async\" width=\"768\" height=\"768\" src=\"https:\/\/sdubouloz.ch\/wp-content\/uploads\/2023\/02\/Screenshot_20200719_093905-768x768.jpg\" class=\"attachment-medium_large size-medium_large\" alt=\"\" aria-describedby=\"gallery-1-9448\" srcset=\"https:\/\/sdubouloz.ch\/wp-content\/uploads\/2023\/02\/Screenshot_20200719_093905-768x768.jpg 768w, https:\/\/sdubouloz.ch\/wp-content\/uploads\/2023\/02\/Screenshot_20200719_093905-900x900.jpg 900w, https:\/\/sdubouloz.ch\/wp-content\/uploads\/2023\/02\/Screenshot_20200719_093905-100x100.jpg 100w, https:\/\/sdubouloz.ch\/wp-content\/uploads\/2023\/02\/Screenshot_20200719_093905-300x300.jpg 300w, https:\/\/sdubouloz.ch\/wp-content\/uploads\/2023\/02\/Screenshot_20200719_093905-1024x1024.jpg 1024w, https:\/\/sdubouloz.ch\/wp-content\/uploads\/2023\/02\/Screenshot_20200719_093905-213x213.jpg 213w, https:\/\/sdubouloz.ch\/wp-content\/uploads\/2023\/02\/Screenshot_20200719_093905-980x980.jpg 980w, https:\/\/sdubouloz.ch\/wp-content\/uploads\/2023\/02\/Screenshot_20200719_093905-480x480.jpg 480w, https:\/\/sdubouloz.ch\/wp-content\/uploads\/2023\/02\/Screenshot_20200719_093905-600x600.jpg 600w, https:\/\/sdubouloz.ch\/wp-content\/uploads\/2023\/02\/Screenshot_20200719_093905.jpg 1080w\" sizes=\"(max-width: 768px) 100vw, 768px\" \/><\/a>\n\t\t\t<\/div>\n\t\t\t\t<figcaption class='wp-caption-text gallery-caption' id='gallery-1-9448'>\n\t\t\t\tRed Bull KTM moto 3 \n\t\t\t\t<\/figcaption><\/figure><figure class='gallery-item'>\n\t\t\t<div class='gallery-icon landscape'>\n\t\t\t\t<a data-elementor-open-lightbox=\"yes\" data-elementor-lightbox-slideshow=\"d1f0f80\" data-elementor-lightbox-title=\"9 years of Racing\" data-e-action-hash=\"#elementor-action%3Aaction%3Dlightbox%26settings%3DeyJpZCI6MTEyNjgsInVybCI6Imh0dHBzOlwvXC9zZHVib3Vsb3ouY2hcL3dwLWNvbnRlbnRcL3VwbG9hZHNcLzIwMjNcLzEwXC85LXllYXJzLW9mLVJhY2luZy5qcGciLCJzbGlkZXNob3ciOiJkMWYwZjgwIn0%3D\" href='https:\/\/sdubouloz.ch\/wp-content\/uploads\/2023\/10\/9-years-of-Racing.jpg'><img decoding=\"async\" width=\"768\" height=\"768\" src=\"https:\/\/sdubouloz.ch\/wp-content\/uploads\/2023\/10\/9-years-of-Racing-768x768.jpg\" class=\"attachment-medium_large size-medium_large\" alt=\"\" aria-describedby=\"gallery-1-11268\" srcset=\"https:\/\/sdubouloz.ch\/wp-content\/uploads\/2023\/10\/9-years-of-Racing-768x768.jpg 768w, https:\/\/sdubouloz.ch\/wp-content\/uploads\/2023\/10\/9-years-of-Racing-800x800.jpg 800w, https:\/\/sdubouloz.ch\/wp-content\/uploads\/2023\/10\/9-years-of-Racing-500x500.jpg 500w, https:\/\/sdubouloz.ch\/wp-content\/uploads\/2023\/10\/9-years-of-Racing-900x900.jpg 900w, https:\/\/sdubouloz.ch\/wp-content\/uploads\/2023\/10\/9-years-of-Racing-100x100.jpg 100w, https:\/\/sdubouloz.ch\/wp-content\/uploads\/2023\/10\/9-years-of-Racing.jpg 1179w\" sizes=\"(max-width: 768px) 100vw, 768px\" \/><\/a>\n\t\t\t<\/div>\n\t\t\t\t<figcaption class='wp-caption-text gallery-caption' id='gallery-1-11268'>\n\t\t\t\t9 years of Racing\n\t\t\t\t<\/figcaption><\/figure><figure class='gallery-item'>\n\t\t\t<div class='gallery-icon landscape'>\n\t\t\t\t<a data-elementor-open-lightbox=\"yes\" data-elementor-lightbox-slideshow=\"d1f0f80\" data-elementor-lightbox-title=\"Pr\u00e9-grille - Marco Bezzecchi - 2018\" data-e-action-hash=\"#elementor-action%3Aaction%3Dlightbox%26settings%3DeyJpZCI6OTQ1MywidXJsIjoiaHR0cHM6XC9cL3NkdWJvdWxvei5jaFwvd3AtY29udGVudFwvdXBsb2Fkc1wvMjAyM1wvMDJcLzgxNTI0NTA2NTk0NTIxMTYzNjguanBnIiwic2xpZGVzaG93IjoiZDFmMGY4MCJ9\" href='https:\/\/sdubouloz.ch\/wp-content\/uploads\/2023\/02\/8152450659452116368.jpg'><img decoding=\"async\" width=\"768\" height=\"768\" src=\"https:\/\/sdubouloz.ch\/wp-content\/uploads\/2023\/02\/8152450659452116368-768x768.jpg\" class=\"attachment-medium_large size-medium_large\" alt=\"\" aria-describedby=\"gallery-1-9453\" srcset=\"https:\/\/sdubouloz.ch\/wp-content\/uploads\/2023\/02\/8152450659452116368-768x768.jpg 768w, https:\/\/sdubouloz.ch\/wp-content\/uploads\/2023\/02\/8152450659452116368-900x900.jpg 900w, https:\/\/sdubouloz.ch\/wp-content\/uploads\/2023\/02\/8152450659452116368-100x100.jpg 100w, https:\/\/sdubouloz.ch\/wp-content\/uploads\/2023\/02\/8152450659452116368-1200x1200.jpg 1200w, https:\/\/sdubouloz.ch\/wp-content\/uploads\/2023\/02\/8152450659452116368-300x300.jpg 300w, https:\/\/sdubouloz.ch\/wp-content\/uploads\/2023\/02\/8152450659452116368-1024x1024.jpg 1024w, https:\/\/sdubouloz.ch\/wp-content\/uploads\/2023\/02\/8152450659452116368-213x213.jpg 213w, https:\/\/sdubouloz.ch\/wp-content\/uploads\/2023\/02\/8152450659452116368-1080x1080.jpg 1080w, https:\/\/sdubouloz.ch\/wp-content\/uploads\/2023\/02\/8152450659452116368-980x980.jpg 980w, https:\/\/sdubouloz.ch\/wp-content\/uploads\/2023\/02\/8152450659452116368-480x480.jpg 480w, https:\/\/sdubouloz.ch\/wp-content\/uploads\/2023\/02\/8152450659452116368.jpg 1277w\" sizes=\"(max-width: 768px) 100vw, 768px\" \/><\/a>\n\t\t\t<\/div>\n\t\t\t\t<figcaption class='wp-caption-text gallery-caption' id='gallery-1-9453'>\n\t\t\t\tMarco Bez au d\u00e9part &#8211; moto 3\n\t\t\t\t<\/figcaption><\/figure>\n\t\t<\/div>\n\t\t<\/div>\n\t\t\t\t\t\t<\/div>\n\t\t\t\t<\/div>\n\t\t\t\t\t<\/div>\n\t\t\t\t<\/div>\n\t\t\t\t\t<\/div>\n\t\t\t\t<\/div>\n\t\t\t\t<\/div>\n\t\t","protected":false},"excerpt":{"rendered":"<p>\u00dcber Simon wuchs in der Lederwarenwerkstatt seiner Mutter Chris Murner auf und wurde mit den Techniken des Lederhandwerks vertraut gemacht. Seit 2015 ist er der Mechaniker von gro\u00dfen Weltmeisterschaftsfahrern wie John McPhee, Alexis Masbou, Albert Arenas, Patrik Pulkkinen, Kaito Toba, Mike Di Meglio oder auch Marco Bezzecchi, einem italienischen Wunderkind, das vom gro\u00dfen Valentino Rossi [&hellip;]<\/p>\n","protected":false},"author":4,"featured_media":0,"parent":0,"menu_order":0,"comment_status":"closed","ping_status":"closed","template":"","meta":{"footnotes":""},"class_list":["post-9829","page","type-page","status-publish","hentry"],"_links":{"self":[{"href":"https:\/\/sdubouloz.ch\/de\/wp-json\/wp\/v2\/pages\/9829","targetHints":{"allow":["GET"]}}],"collection":[{"href":"https:\/\/sdubouloz.ch\/de\/wp-json\/wp\/v2\/pages"}],"about":[{"href":"https:\/\/sdubouloz.ch\/de\/wp-json\/wp\/v2\/types\/page"}],"author":[{"embeddable":true,"href":"https:\/\/sdubouloz.ch\/de\/wp-json\/wp\/v2\/users\/4"}],"replies":[{"embeddable":true,"href":"https:\/\/sdubouloz.ch\/de\/wp-json\/wp\/v2\/comments?post=9829"}],"version-history":[{"count":10,"href":"https:\/\/sdubouloz.ch\/de\/wp-json\/wp\/v2\/pages\/9829\/revisions"}],"predecessor-version":[{"id":12752,"href":"https:\/\/sdubouloz.ch\/de\/wp-json\/wp\/v2\/pages\/9829\/revisions\/12752"}],"wp:attachment":[{"href":"https:\/\/sdubouloz.ch\/de\/wp-json\/wp\/v2\/media?parent=9829"}],"curies":[{"name":"wp","href":"https:\/\/api.w.org\/{rel}","templated":true}]}}

Über

<div data-elementor-type="wp-page" data-elementor-id="9829" class="elementor elementor-9829 elementor-972" data-elementor-post-type="page">
				<div class="elementor-element elementor-element-70fff9a e-flex e-con-boxed e-con e-parent" data-id="70fff9a" data-element_type="container" data-e-type="container" data-settings="{&quot;background_background&quot;:&quot;classic&quot;}">
					<div class="e-con-inner">
				<div class="elementor-element elementor-element-94a1e1b elementor-widget elementor-widget-heading" data-id="94a1e1b" data-element_type="widget" data-e-type="widget" data-widget_type="heading.default">
				<div class="elementor-widget-container">
					<h2 class="elementor-heading-title elementor-size-default">Über</h2>				</div>
				</div>
		<div class="elementor-element elementor-element-529cdf9 e-flex e-con-boxed e-con e-child" data-id="529cdf9" data-element_type="container" data-e-type="container">
					<div class="e-con-inner">
				<div class="elementor-element elementor-element-743dbfa elementor-widget__width-initial elementor-widget elementor-widget-text-editor" data-id="743dbfa" data-element_type="widget" data-e-type="widget" data-widget_type="text-editor.default">
				<div class="elementor-widget-container">
									<p><span style="font-weight: 400;">Simon wuchs in der Lederwarenwerkstatt seiner Mutter Chris Murner auf und wurde mit den Techniken des Lederhandwerks vertraut gemacht.</span></p><p><span style="font-weight: 400;">Seit 2015 ist er der Mechaniker von großen Weltmeisterschaftsfahrern wie John McPhee, Alexis Masbou, Albert Arenas, Patrik Pulkkinen, Kaito Toba, Mike Di Meglio oder auch Marco Bezzecchi, einem italienischen Wunderkind, das vom großen Valentino Rossi entdeckt und gefördert wurde. Simon wird 2018 an der Seite von Marco Bezzecchi Dritter in der Weltmeisterschaft und gewinnt 2022 im Honda HRC-Team die EWC-Langstreckenweltmeisterschaft.</span></p><p><span style="font-weight: 400;">Da er von Natur aus neugierig und erfinderisch ist, beginnt er parallel dazu mit dem Sattlerhandwerk für Motorräder, um seinen Beruf durch diese neue Spezialisierung zu ergänzen und den zahlreichen Anfragen gerecht zu werden.  </span><span style="font-weight: 400;">Seit seinem Einstieg in den Grand-Prix-Sport verbindet er seine beiden Leidenschaften und entwickelt heute die Sättel der weltbesten Fahrer in den Kategorien Moto 3, Moto 2, MotoGP, Mondial EWC Endurance, FMX etc.  </span><span style="font-weight: 400;">Er entwickelt den &#8222;Flaggen&#8220;-Sattel mit dem Land eines jeden Fahrers, für den er arbeitet.</span></p><p><span style="font-weight: 400;">Unser ehemaliger Nationalfahrer Tom Lüthi sowie die lebende Legende des Motorradsports Valentino Rossi haben sich an ihn gewandt.  </span><span style="font-weight: 400;">Sein Sattel wurde außerdem 2019 mit unserem Schweizer Fahrer Robin Mulhauser zum Superstock-Weltmeister in der Endurance-Weltmeisterschaft gekürt.  </span><span style="font-weight: 400;">Er stellt alle Arten von Sätteln her, Caferacer, Tourenmotorräder, Motocross, Sammlermotorräder oder auch Freestyle-Motorräder wie das unseres Schweizer Rennfahrers Mat Rebeaud.</span></p><p><span style="font-weight: 400;">Heute bearbeitet er die Sättel der bekanntesten Namen der Motorradbranche, immer in der Kunst der Maßanfertigung. Er wurde kürzlich zum drittbesten Künstler der Schweiz in der Kategorie &#8222;Nachwuchs im Kunsthandwerk&#8220; gekürt.  </span><span style="font-weight: 400;">Außerdem konnte er parallel zu seinen Rennen seine Erfahrung an junge Mechanikerlehrlinge des CFPT in Genf weitergeben.</span></p><p><span style="font-weight: 400;">Heute ist er Mechaniker bei FCC, dem offiziellen Honda HRC-Team in der EWC Langstrecken-Weltmeisterschaft, und fertigt in seinem Atelier in Plan-les-Ouates seine Sattlerkreationen an.</span></p>								</div>
				</div>
					</div>
				</div>
		<div class="elementor-element elementor-element-914f7d3 e-flex e-con-boxed e-con e-child" data-id="914f7d3" data-element_type="container" data-e-type="container">
					<div class="e-con-inner">
				<div class="elementor-element elementor-element-d1f0f80 gallery-spacing-custom elementor-widget elementor-widget-image-gallery" data-id="d1f0f80" data-element_type="widget" data-e-type="widget" data-widget_type="image-gallery.default">
				<div class="elementor-widget-container">
							<div class="elementor-image-gallery">
			<div id='gallery-1' class='gallery galleryid-9829 gallery-columns-3 gallery-size-medium_large'><figure class='gallery-item'>
			<div class='gallery-icon landscape'>
				<a data-elementor-open-lightbox="yes" data-elementor-lightbox-slideshow="d1f0f80" data-elementor-lightbox-title="Mécanicien chez Red Bull - moto 3 - 2020" data-e-action-hash="#elementor-action%3Aaction%3Dlightbox%26settings%3DeyJpZCI6OTQ0OCwidXJsIjoiaHR0cHM6XC9cL3NkdWJvdWxvei5jaFwvd3AtY29udGVudFwvdXBsb2Fkc1wvMjAyM1wvMDJcL1NjcmVlbnNob3RfMjAyMDA3MTlfMDkzOTA1LmpwZyIsInNsaWRlc2hvdyI6ImQxZjBmODAifQ%3D%3D" href='https://sdubouloz.ch/wp-content/uploads/2023/02/Screenshot_20200719_093905.jpg'><img fetchpriority="high" decoding="async" width="768" height="768" src="https://sdubouloz.ch/wp-content/uploads/2023/02/Screenshot_20200719_093905-768x768.jpg" class="attachment-medium_large size-medium_large" alt="" aria-describedby="gallery-1-9448" srcset="https://sdubouloz.ch/wp-content/uploads/2023/02/Screenshot_20200719_093905-768x768.jpg 768w, https://sdubouloz.ch/wp-content/uploads/2023/02/Screenshot_20200719_093905-900x900.jpg 900w, https://sdubouloz.ch/wp-content/uploads/2023/02/Screenshot_20200719_093905-100x100.jpg 100w, https://sdubouloz.ch/wp-content/uploads/2023/02/Screenshot_20200719_093905-300x300.jpg 300w, https://sdubouloz.ch/wp-content/uploads/2023/02/Screenshot_20200719_093905-1024x1024.jpg 1024w, https://sdubouloz.ch/wp-content/uploads/2023/02/Screenshot_20200719_093905-213x213.jpg 213w, https://sdubouloz.ch/wp-content/uploads/2023/02/Screenshot_20200719_093905-980x980.jpg 980w, https://sdubouloz.ch/wp-content/uploads/2023/02/Screenshot_20200719_093905-480x480.jpg 480w, https://sdubouloz.ch/wp-content/uploads/2023/02/Screenshot_20200719_093905-600x600.jpg 600w, https://sdubouloz.ch/wp-content/uploads/2023/02/Screenshot_20200719_093905.jpg 1080w" sizes="(max-width: 768px) 100vw, 768px" /></a>
			</div>
				<figcaption class='wp-caption-text gallery-caption' id='gallery-1-9448'>
				Red Bull KTM moto 3 
				</figcaption></figure><figure class='gallery-item'>
			<div class='gallery-icon landscape'>
				<a data-elementor-open-lightbox="yes" data-elementor-lightbox-slideshow="d1f0f80" data-elementor-lightbox-title="9 years of Racing" data-e-action-hash="#elementor-action%3Aaction%3Dlightbox%26settings%3DeyJpZCI6MTEyNjgsInVybCI6Imh0dHBzOlwvXC9zZHVib3Vsb3ouY2hcL3dwLWNvbnRlbnRcL3VwbG9hZHNcLzIwMjNcLzEwXC85LXllYXJzLW9mLVJhY2luZy5qcGciLCJzbGlkZXNob3ciOiJkMWYwZjgwIn0%3D" href='https://sdubouloz.ch/wp-content/uploads/2023/10/9-years-of-Racing.jpg'><img decoding="async" width="768" height="768" src="https://sdubouloz.ch/wp-content/uploads/2023/10/9-years-of-Racing-768x768.jpg" class="attachment-medium_large size-medium_large" alt="" aria-describedby="gallery-1-11268" srcset="https://sdubouloz.ch/wp-content/uploads/2023/10/9-years-of-Racing-768x768.jpg 768w, https://sdubouloz.ch/wp-content/uploads/2023/10/9-years-of-Racing-800x800.jpg 800w, https://sdubouloz.ch/wp-content/uploads/2023/10/9-years-of-Racing-500x500.jpg 500w, https://sdubouloz.ch/wp-content/uploads/2023/10/9-years-of-Racing-900x900.jpg 900w, https://sdubouloz.ch/wp-content/uploads/2023/10/9-years-of-Racing-100x100.jpg 100w, https://sdubouloz.ch/wp-content/uploads/2023/10/9-years-of-Racing.jpg 1179w" sizes="(max-width: 768px) 100vw, 768px" /></a>
			</div>
				<figcaption class='wp-caption-text gallery-caption' id='gallery-1-11268'>
				9 years of Racing
				</figcaption></figure><figure class='gallery-item'>
			<div class='gallery-icon landscape'>
				<a data-elementor-open-lightbox="yes" data-elementor-lightbox-slideshow="d1f0f80" data-elementor-lightbox-title="Pré-grille - Marco Bezzecchi - 2018" data-e-action-hash="#elementor-action%3Aaction%3Dlightbox%26settings%3DeyJpZCI6OTQ1MywidXJsIjoiaHR0cHM6XC9cL3NkdWJvdWxvei5jaFwvd3AtY29udGVudFwvdXBsb2Fkc1wvMjAyM1wvMDJcLzgxNTI0NTA2NTk0NTIxMTYzNjguanBnIiwic2xpZGVzaG93IjoiZDFmMGY4MCJ9" href='https://sdubouloz.ch/wp-content/uploads/2023/02/8152450659452116368.jpg'><img decoding="async" width="768" height="768" src="https://sdubouloz.ch/wp-content/uploads/2023/02/8152450659452116368-768x768.jpg" class="attachment-medium_large size-medium_large" alt="" aria-describedby="gallery-1-9453" srcset="https://sdubouloz.ch/wp-content/uploads/2023/02/8152450659452116368-768x768.jpg 768w, https://sdubouloz.ch/wp-content/uploads/2023/02/8152450659452116368-900x900.jpg 900w, https://sdubouloz.ch/wp-content/uploads/2023/02/8152450659452116368-100x100.jpg 100w, https://sdubouloz.ch/wp-content/uploads/2023/02/8152450659452116368-1200x1200.jpg 1200w, https://sdubouloz.ch/wp-content/uploads/2023/02/8152450659452116368-300x300.jpg 300w, https://sdubouloz.ch/wp-content/uploads/2023/02/8152450659452116368-1024x1024.jpg 1024w, https://sdubouloz.ch/wp-content/uploads/2023/02/8152450659452116368-213x213.jpg 213w, https://sdubouloz.ch/wp-content/uploads/2023/02/8152450659452116368-1080x1080.jpg 1080w, https://sdubouloz.ch/wp-content/uploads/2023/02/8152450659452116368-980x980.jpg 980w, https://sdubouloz.ch/wp-content/uploads/2023/02/8152450659452116368-480x480.jpg 480w, https://sdubouloz.ch/wp-content/uploads/2023/02/8152450659452116368.jpg 1277w" sizes="(max-width: 768px) 100vw, 768px" /></a>
			</div>
				<figcaption class='wp-caption-text gallery-caption' id='gallery-1-9453'>
				Marco Bez au départ &#8211; moto 3
				</figcaption></figure>
		</div>
		</div>
						</div>
				</div>
					</div>
				</div>
					</div>
				</div>
				</div>

<p>Über Simon wuchs in der Lederwarenwerkstatt seiner Mutter Chris Murner auf und wurde mit den Techniken des Lederhandwerks vertraut gemacht. Seit 2015 ist er der Mechaniker von großen Weltmeisterschaftsfahrern wie John McPhee, Alexis Masbou, Albert Arenas, Patrik Pulkkinen, Kaito Toba, Mike Di Meglio oder auch Marco Bezzecchi, einem italienischen Wunderkind, das vom großen Valentino Rossi [&hellip;]</p>
